{"id":459,"date":"2024-07-31T12:14:18","date_gmt":"2024-07-31T10:14:18","guid":{"rendered":"http:\/\/mozinarts.com\/?page_id=459"},"modified":"2024-09-18T13:51:12","modified_gmt":"2024-09-18T11:51:12","slug":"editions-et-multiples","status":"publish","type":"page","link":"https:\/\/mozinarts.com\/index.php\/editions-et-multiples\/","title":{"rendered":"\u00c9DITIONS ET MULTIPLES"},"content":{"rendered":"\n<p><\/p>\n\n\n\n<div class=\"wp-block-group alignfull has-global-padding is-content-justification-center is-layout-constrained wp-container-core-group-is-layout-df757ecc wp-block-group-is-layout-constrained\" style=\"margin-top:0;margin-bottom:0;padding-top:calc( 0.5 * var(--wp--style--root--padding-right, var(--wp--custom--gap--horizontal)));padding-right:var(--wp--style--root--padding-right, var(--wp--custom--gap--horizontal));padding-bottom:calc( 0.5 * var(--wp--style--root--padding-right, var(--wp--custom--gap--horizontal)));padding-left:var(--wp--style--root--padding-left, var(--wp--custom--gap--horizontal))\">\n<div style=\"height:calc( 0.25 * var(--wp--style--root--padding-right, var(--wp--custom--gap--horizontal)))\" aria-hidden=\"true\" class=\"wp-block-spacer\"><\/div>\n\n\n\n<div class=\"wp-block-columns alignwide is-layout-flex wp-container-core-columns-is-layout-28f84493 wp-block-columns-is-layout-flex\">\n<div class=\"wp-block-column is-layout-flow wp-block-column-is-layout-flow\">\n<div class=\"wp-block-group alignfull is-vertical is-layout-flex wp-container-core-group-is-layout-8868eb49 wp-block-group-is-layout-flex\" style=\"min-height:100%;padding-top:0;padding-right:0;padding-bottom:0;padding-left:0\">\n<div class=\"wp-block-group has-global-padding is-layout-constrained wp-block-group-is-layout-constrained\">\n<figure class=\"wp-block-image size-full\"><noscript><img loading=\"lazy\" decoding=\"async\" width=\"1600\" height=\"1200\" data-skip-lazy src=\"http:\/\/mozinarts.com\/wp-content\/uploads\/2024\/07\/mozinor8.jpg\" alt=\"\" class=\"wp-image-203\" srcset=\"https:\/\/mozinarts.com\/wp-content\/uploads\/2024\/07\/mozinor8.jpg 1600w, https:\/\/mozinarts.com\/wp-content\/uploads\/2024\/07\/mozinor8-300x225.jpg 300w, https:\/\/mozinarts.com\/wp-content\/uploads\/2024\/07\/mozinor8-1024x768.jpg 1024w, https:\/\/mozinarts.com\/wp-content\/uploads\/2024\/07\/mozinor8-768x576.jpg 768w, https:\/\/mozinarts.com\/wp-content\/uploads\/2024\/07\/mozinor8-1536x1152.jpg 1536w\" sizes=\"auto, (max-width: 1600px) 100vw, 1600px\" \/><\/noscript><img loading=\"eager\" decoding=\"async\" width=\"1600\" height=\"1200\" src=\"http:\/\/mozinarts.com\/wp-content\/uploads\/2024\/07\/mozinor8.jpg\" alt class=\"wp-image-203 vp-lazyload\" srcset=\"data:image\/svg+xml;base64,PHN2ZyB3aWR0aD0iMTYwMCIgaGVpZ2h0PSIxMjAwIiB2aWV3Qm94PSIwIDAgMTYwMCAxMjAwIiBmaWxsPSJub25lIiB4bWxucz0iaHR0cDovL3d3dy53My5vcmcvMjAwMC9zdmciPjwvc3ZnPg==\" data-src=\"http:\/\/mozinarts.com\/wp-content\/uploads\/2024\/07\/mozinor8.jpg\" data-srcset=\"https:\/\/mozinarts.com\/wp-content\/uploads\/2024\/07\/mozinor8.jpg 1600w, https:\/\/mozinarts.com\/wp-content\/uploads\/2024\/07\/mozinor8-300x225.jpg 300w, https:\/\/mozinarts.com\/wp-content\/uploads\/2024\/07\/mozinor8-1024x768.jpg 1024w, https:\/\/mozinarts.com\/wp-content\/uploads\/2024\/07\/mozinor8-768x576.jpg 768w, https:\/\/mozinarts.com\/wp-content\/uploads\/2024\/07\/mozinor8-1536x1152.jpg 1536w\" data-sizes=\"auto\"><\/figure>\n\n\n\n<p><\/p>\n\n\n\n<p class=\"has-text-align-left\"><\/p>\n<\/div>\n\n\n\n<div class=\"wp-block-group is-nowrap is-layout-flex wp-container-core-group-is-layout-6c531013 wp-block-group-is-layout-flex\">\n<div class=\"wp-block-group is-nowrap is-layout-flex wp-container-core-group-is-layout-6c531013 wp-block-group-is-layout-flex\"><\/div>\n<\/div>\n<\/div>\n<\/div>\n\n\n\n<div class=\"wp-block-column is-layout-flow wp-block-column-is-layout-flow\">\n<p>L&rsquo;\u00e9v\u00e8nement Mozin&rsquo;Arts mets en place un espace o\u00f9 retrouver de nombreuses \u00e9ditions, zines, objets, livres&#8230;<\/p>\n\n\n\n<p>La soucoupe, avec son architecture r\u00e9tro-futuriste des ann\u00e9es 70 et sa vue panoramique sur Paris, sera le lieu embl\u00e9matique pour d\u00e9couvrir des \u00e9ditions, des multiples, des zines ou autres cr\u00e9ations artistiques, r\u00e9alis\u00e9s par les artistes associ\u00e9\u00b7e\u00b7s, ainsi qu&rsquo;une s\u00e9lection de livres d&rsquo;artistes r\u00e9alis\u00e9s par Royal Book Lodge depuis sa cr\u00e9ation.<\/p>\n<\/div>\n<\/div>\n\n\n\n<div style=\"height:calc( 0.25 * var(--wp--style--root--padding-right, var(--wp--custom--gap--horizontal)))\" aria-hidden=\"true\" class=\"wp-block-spacer\"><\/div>\n<\/div>\n\n\n\n<div class=\"wp-block-group alignfull has-global-padding is-content-justification-center is-layout-constrained wp-container-core-group-is-layout-df757ecc wp-block-group-is-layout-constrained\" style=\"margin-top:0;margin-bottom:0;padding-top:calc( 0.5 * var(--wp--style--root--padding-right, var(--wp--custom--gap--horizontal)));padding-right:var(--wp--style--root--padding-right, var(--wp--custom--gap--horizontal));padding-bottom:calc( 0.5 * var(--wp--style--root--padding-right, var(--wp--custom--gap--horizontal)));padding-left:var(--wp--style--root--padding-left, var(--wp--custom--gap--horizontal))\">\n<div style=\"height:calc( 0.25 * var(--wp--style--root--padding-right, var(--wp--custom--gap--horizontal)))\" aria-hidden=\"true\" class=\"wp-block-spacer\"><\/div>\n<\/div>\n","protected":false},"excerpt":{"rendered":"<p>L&rsquo;\u00e9v\u00e8nement Mozin&rsquo;Arts mets en place un espace o\u00f9 retrouver de nombreuses \u00e9ditions, zines, objets, livres&#8230; La soucoupe, avec son architecture r\u00e9tro-futuriste des ann\u00e9es 70 et sa vue panoramique sur Paris, sera le lieu embl\u00e9matique pour d\u00e9couvrir des \u00e9ditions, des multiples, des zines ou autres cr\u00e9ations artistiques, r\u00e9alis\u00e9s par les artistes associ\u00e9\u00b7e\u00b7s, ainsi qu&rsquo;une s\u00e9lection de [&hellip;]<\/p>\n","protected":false},"author":1,"featured_media":0,"parent":0,"menu_order":4,"comment_status":"closed","ping_status":"closed","template":"","meta":{"_vp_format_video_url":"","_vp_image_focal_point":[],"footnotes":""},"class_list":["post-459","page","type-page","status-publish","hentry"],"_links":{"self":[{"href":"https:\/\/mozinarts.com\/index.php\/wp-json\/wp\/v2\/pages\/459","targetHints":{"allow":["GET"]}}],"collection":[{"href":"https:\/\/mozinarts.com\/index.php\/wp-json\/wp\/v2\/pages"}],"about":[{"href":"https:\/\/mozinarts.com\/index.php\/wp-json\/wp\/v2\/types\/page"}],"author":[{"embeddable":true,"href":"https:\/\/mozinarts.com\/index.php\/wp-json\/wp\/v2\/users\/1"}],"replies":[{"embeddable":true,"href":"https:\/\/mozinarts.com\/index.php\/wp-json\/wp\/v2\/comments?post=459"}],"version-history":[{"count":13,"href":"https:\/\/mozinarts.com\/index.php\/wp-json\/wp\/v2\/pages\/459\/revisions"}],"predecessor-version":[{"id":1003,"href":"https:\/\/mozinarts.com\/index.php\/wp-json\/wp\/v2\/pages\/459\/revisions\/1003"}],"wp:attachment":[{"href":"https:\/\/mozinarts.com\/index.php\/wp-json\/wp\/v2\/media?parent=459"}],"curies":[{"name":"wp","href":"https:\/\/api.w.org\/{rel}","templated":true}]}}